ne r(282).
14
Let q(g) = 3181*g - 19653. Calculate q(6).
-567
Let y(m) = 329*m**2 - 17109*m + 49. Determine y(52).
-3
Let v(p) = p**3 + 34*p**2 - 178*p - 3785. Calculate v(-36).
31
Let k(z) = 2814*z - 6306. Determine k(3).
2136
Let s(l) = -l**3 + 14*l**2 + 133*l - 172. Determine s(-8).
172
Let u(k) = -5*k**3 - 1273*k**2 - 758*k + 506. Give u(-254).
-510
Let q(d) = 15*d**2 + 2978*d + 27042. Calculate q(-189).
15
Let u(k) = 3657*k - 47555. What is u(13)?
-14
Let i(v) = 902*v - 2473. Determine i(7).
3841
Let a(j) = -j**3 + 221*j**2 + 213*j + 901. Determine a(222).
-1097
Let n(r) = -2*r**3 + 2*r**2 + 1139*r + 15. Calculate n(0).
15
Let f(b) = -b**3 - 85*b**2 - 1696*b + 42. Calculate f(-32).
42
Let b(j) = j**3 - 67*j**2 + 511*j + 71. Give b(9).
-28
Let n(m) = -2*m**3 - 92*m**2 - 979*m + 118. Determine n(-17).
-1
Let c(z) = 67*z**2 - 1756*z - 9944. Calculate c(31).
7
Let l(h) = 17*h**3 - 1971*h**2 - 114*h - 272. Give l(116).
-40
Let p(m) = -m**3 - 7*m**2 + 2839*m - 412. What is p(-57)?
215
Let z(u) = u**3 - 65*u**2 - 3622*u - 259. Calculate z(-36).
-763
Let v(z) = -3807*z**2 + 11203*z + 22. Calculate v(3).
-632
Let l(b) = -b**3 + 91*b**2 + 903*b + 357. Give l(100).
657
Let a(z) = 7*z**2 - 191*z - 32590. Determine a(-56).
58
Let c(d) = -23*d**2 + 489*d + 64. What is c(20)?
644
Let n(h) = 205*h**2 + 159*h + 28. Determine n(0).
28
Let r(j) = -92*j + 4166. What is r(52)?
-618
Let m(s) = 3406*s + 493873. Give m(-145).
3
Let f(w) = w**2 + 167*w + 8217. Calculate f(-41).
3051
Let b(s) = 84*s**3 + 1932*s**2 - 11*s - 108. Calculate b(-23).
145
Let q(x) = -2*x**3 + 44*x**2 + 5*x - 246. Calculate q(22).
-136
Let f(j) = 2*j**2 - 1163*j - 30427. Calculate f(-26).
1163
Let f(d) = -d**3 - 9*d**2 + 1237*d + 18008. Determine f(-16).
8
Let h(g) = 5*g**2 - 7*g - 52. Give h(-7).
242
Let b(d) = -4*d**2 + 894*d + 914. Calculate b(225).
-436
Let b(o) = -355*o**2 - 7098*o + 50. What is b(-20)?
10
Let y(u) = -9824*u + 1532569. Determine y(156).
25
Let r(p) = p**3 + 148*p**2 + 1629*p - 173. Give r(-136).
235
Let z(j) = 431519*j - 1726089. Give z(4).
-13
Let c(j) = j**3 + 19*j**2 - j + 892. Determine c(-21).
31
Let x(d) = -d**3 + 10*d**2 - 7*d + 521. Determine x(16).
-1127
Let n(q) = -32*q**3 + 22*q**2 + 25*q - 129. Calculate n(-3).
858
Let b(r) = -r**3 - 5*r**2 - 564*r + 3541. Calculate b(6).
-239
Let z(a) = -a**3 + 15*a**2 - 220*a + 581. Calculate z(3).
29
Let r(a) = -115*a - 13644. Give r(-122).
386
Let j(s) = -110*s - 10419. What is j(-95)?
31
Let n(o) = -2*o**3 - 2767*o**2 - 13795*o - 41. Calculate n(-5).
9
Let o(g) = 135*g + 8554. What is o(-63)?
49
Let h(b) = -42942*b + 730134. Calculate h(17).
120
Let x(z) = -z**3 + 2*z**2 - 2*z - 245. Calculate x(-9).
664
Let v(p) = 13*p**2 + 128730*p - 257458. Determine v(2).
54
Let g(j) = 76041*j - 1064587. What is g(14)?
-13
Let w(r) = 2*r**3 + 38*r**2 - 44*r - 105. Calculate w(-20).
-25
Let q(u) = -u**3 + 168*u**2 - 10*u + 1792. What is q(168)?
112
Let p(b) = -b**2 + 49681*b + 347809. Give p(-7).
-7
Let u(s) = -88677*s + 4079142. Give u(46).
0
Let l(b) = 10*b**2 + 3395*b - 1856. Determine l(-340).
-156
Let g(b) = -6*b**2 - 2241*b - 15750. Calculate g(-7).
-357
Let r(n) = -13*n**2 - 846*n - 6041. Give r(-7).
-756
Let q(b) = 2*b**3 - 27*b**2 + 40*b + 343. Give q(-3).
-74
Let r(l) = 3*l**2 - 767*l - 8788. Determine r(-11).
12
Let a(b) = 3109*b - 9344. Calculate a(3).
-17
Let d(t) = t**3 - 183*t**2 + 3259*t + 224. Give d(163).
61
Let i(b) = -94087*b - 940941. Calculate i(-10).
-71
Let z(k) = -k**3 + 39*k**2 + 529*k - 22314. Give z(37).
-3
Let h(r) = -19*r + 125. Calculate h(-6).
239
Let t(p) = 5532*p**3 + 27660*p**2 + p - 7. Give t(-5).
-12
Let s(z) = 10239*z + 102382. Calculate s(-10).
-8
Let p(s) = -13*s**2 + 2172*s - 11142. Give p(162).
-450
Let n(p) = -10826*p - 227399. Determine n(-21).
-53
Let u(x) = -x**2 - 34*x + 832. Give u(-39).
637
Let h(o) = 2*o**3 - 305*o**2 - 1740*o + 420. Give h(158).
104
Let r(m) = m**3 - 21*m**2 - 16846*m - 10467. What is r(141)?
-33
Let v(j) = 4257*j + 2694740. Calculate v(-633).
59
Let j(g) = -g**3 + 9*g**2 + 76*g - 596. Determine j(13).
-284
Let h(g) = 5579*g - 60830. Determine h(11).
539
Let r(w) = -2*w**2 + 830*w - 61325. What is r(96)?
-77
Let o(p) = -110*p - 463. Calculate o(-8).
417
Let y(w) = -7848*w + 5014909. Calculate y(639).
37
Let q(s) = s**2 - 374*s + 5299. Determine q(358).
-429
Let w(t) = -47*t**2 + 3903*t - 501. Give w(83).
-335
Let i(l) = -91*l**2 - 4634*l + 383. Determine i(-51).
26
Let l(p) = -p**3 - 76*p**2 + 172*p + 9567. What is l(-76)?
-3505
Let m(h) = -4*h**3 - 13*h**2 - 43*h - 219. Determine m(-4).
1
Let u(m) = -12458*m - 74756. Calculate u(-6).
-8
Let w(m) = 8*m**3 - 447*m**2 + 3010*m + 688. Calculate w(48).
16
Let j(c) = 2*c**3 + 130*c**2 + 25*c + 1226. Determine j(-65).
-399
Let w(v) = -496098*v + 1488316. Give w(3).
22
Let w(b) = -386*b - 2707. Determine w(-7).
-5
Let o(z) = 1185*z - 4173. What is o(4)?
567
Let t(i) = 1098*i + 58277. What is t(-53)?
83
Let l(b) = -b**3 - 75*b**2 - 1114*b - 11. Determine l(-20).
269
Let h(a) = -a**2 - 101*a + 2710. Give h(19).
430
Let u(p) = 39*p**3 - 472*p**2 - 32*p + 138. Determine u(12).
-822
Let x(l) = 246*l**2 - 2702*l - 43. Determine x(11).
1
Let p(b) = -b**3 + 34*b**2 - 141*b - 19. Give p(5).
1
Let j(l) = -32*l**2 - 1124*l - 325. Give j(-35).
-185
Let w(a) = a**2 + 97*a - 577. Give w(-103).
41
Let y(b) = -2*b**3 - 42*b**2 + 105*b + 3712. Determine y(-19).
273
Let q(y) = -13*y**2 + 14312*y + 57259. Determine q(-4).
-197
Let b(y) = 11*y**3 - 74*y**2 + 48*y + 3. Give b(6).
3
Let a(t) = -4784*t - 516678. What is a(-108)?
-6
Let m(n) = 73*n - 1086. Give m(27).
885
Let b(h) = 2*h**2 - 766*h - 29942. Calculate b(-36).
226
Let v(d) = 259103*d + 1295520. What is v(-5)?
5
Let s(u) = -u**2 + 101*u - 2511. Calculate s(44).
-3
Let h(o) = -8*o**3 + 385*o**2 + 358*o - 662. What is h(49)?
73
Let u(q) = 1051*q**2 - 4207*q + 18. What is u(4)?
6
Let j(q) = -3*q**2 - 25503*q + 357630. What is j(14)?
0
Let p(y) = -y**3 + 86*y**2 - 425*y + 1605. What is p(81)?
-15
Let n(j) = -j**3 + 20*j**2 + 24373*j - 244751. Determine n(10).
-21
Let v(r) = -46*r**3 - 2*r**2 - 98652*r - 98652. Give v(-1).
44
Let l(k) = k**3 + 10*k**2 + 24*k - 700. What is l(12)?
2756
Let a(n) = 1004*n**2 + 16133*n + 14. Determine a(-16).
-1090
Let h(j) = -2*j**2 - 241*j - 3495. Determine h(-16).
-151
Let g(u) = -u**3 + 172*u**2 - 3674*u - 5. Determine g(25).
20
Let b(g) = 2543*g - 694263. What is b(273)?
-24
Let u(y) = -y**3 - y**2 - 39*y - 653. What is u(0)?
-653
Let k(j) = 2*j**3 - 75*j**2 + 113*j + 380. Calculate k(36).
560
Let t(h) = 314*h - 35512. Calculate t(113).
-30
Let u(s) = s**2 + 248*s + 2821. Calculate u(-12).
-11
Let p(y) = -y**2 + 4395*y + 17552. What is p(-4)?
-44
Let i(c) = 2*c**2 - 111407*c + 891122. Determine i(8).
-6
Let q(g) = 9*g**3 - 4*g**2 + 111*g - 273. Give q(3).
267
Let z(i) = 140056*i**2 - 980392*i + 5. What is z(7)?
5
Let s(l) = 3*l**2 - 21*l - 999. Determine s(22).
-9
Let h(i) = -42*i**3 - 52*i**2 + 156*i + 31. What is h(3)?
-1103
Let h(b) = -36*b + 1412. What is h(33)?
224
Let b(j) = 21*j**2 + 1178*j - 17. What is b(-55)?
-1282
Let g(u) = -3686*u - 106890. What is g(-29)?
4
Let i(o) = -3026*o**2 - 21176*o + 84. Determine i(-7).
42
Let m(k) = -24*k**2 - 878*k - 377. What is m(-33)?
2461
Let i(w) = -301*w + 1976. Determine i(7).
-131
Let x(m) = -m**3 + 72*m**2 + 370*m + 1450. What is x(77)?
295
Let u(h) = -h**2 - 8*h + 19688. Determine u(-144).
104
Let r(d) = 234*d**2 - 17*d + 36. Give r(-3).
2193
Let r(y) = -10*y**3 + 644*y**2 + 395*y - 305. Determine r(65).
20
Let g(s) = s**2 - 388*s + 28720. Calculate g(99).
109
Let w(d) = d**2 - 48*d - 1780. Calculate w(-34).
1008
Let s(i) = 102*i + 9295. Give s(-92).
-89
Let i(b) = -2*b**3 + 12*b**2 + 138*b - 1455. What is i(9)?
-699
Let t(o) = o**3 + 175*o**2 - 10439*o - 970. Give t(-222).
140
Let k(p) = 175*p + 19555. Determine k(-111).
130
Let d(u) = u**3 - 20*u**2 + 147*u - 4962. Calculate d(23).
6
Let j(q) = 355*q - 9275. Determine j(26).
-45
Let d(m) = 3919*m - 58885. Determine d(15).
-100
Let d(z) = z**2 + 1227*z + 38214. Determine d(-32).
-26
Let w(g) = 29878*g - 776768. What is w(26)?
60
Let q(n) = 27*n**3 - 2*n**2 - 11*n - 255. Determine q(0).
-255
Let t(f) = -f**3 - 160*f**2 + 1426*f + 893. Give t(9).
